{"id":77,"date":"2020-02-01T20:16:47","date_gmt":"2020-02-01T19:16:47","guid":{"rendered":"http:\/\/www.franziskakroeger.de\/israelblog\/ueber-uns\/"},"modified":"2020-02-01T20:16:47","modified_gmt":"2020-02-01T19:16:47","slug":"ueber-uns","status":"publish","type":"page","link":"https:\/\/www.franziskakroeger.de\/israelblog\/ueber-uns\/","title":{"rendered":"\u00dcBER UNS"},"content":{"rendered":"<p>Wir sind dann mal weg. Hier ver\u00f6ffentlichen wir unsere Reiseberichte aus Israel. Viel Spa\u00df beim Lesen!<\/p>\n","protected":false},"excerpt":{"rendered":"<p>Wir sind dann mal weg. Hier ver\u00f6ffentlichen wir unsere Reiseberichte aus Israel. Viel Spa\u00df beim Lesen!<\/p>\n","protected":false},"author":1,"featured_media":0,"parent":0,"menu_order":0,"comment_status":"closed","ping_status":"closed","template":"","meta":{"footnotes":""},"class_list":["post-77","page","type-page","status-publish","hentry"],"jetpack_sharing_enabled":true,"_links":{"self":[{"href":"https:\/\/www.franziskakroeger.de\/israelblog\/wp-json\/wp\/v2\/pages\/77","targetHints":{"allow":["GET"]}}],"collection":[{"href":"https:\/\/www.franziskakroeger.de\/israelblog\/wp-json\/wp\/v2\/pages"}],"about":[{"href":"https:\/\/www.franziskakroeger.de\/israelblog\/wp-json\/wp\/v2\/types\/page"}],"author":[{"embeddable":true,"href":"https:\/\/www.franziskakroeger.de\/israelblog\/wp-json\/wp\/v2\/users\/1"}],"replies":[{"embeddable":true,"href":"https:\/\/www.franziskakroeger.de\/israelblog\/wp-json\/wp\/v2\/comments?post=77"}],"version-history":[{"count":0,"href":"https:\/\/www.franziskakroeger.de\/israelblog\/wp-json\/wp\/v2\/pages\/77\/revisions"}],"wp:attachment":[{"href":"https:\/\/www.franziskakroeger.de\/israelblog\/wp-json\/wp\/v2\/media?parent=77"}],"curies":[{"name":"wp","href":"https:\/\/api.w.org\/{rel}","templated":true}]}}